{"id":856,"date":"2020-07-24T05:46:46","date_gmt":"2020-07-24T05:46:46","guid":{"rendered":"https:\/\/soudne-overene-preklady.borofi.cz\/?page_id=856"},"modified":"2020-08-22T18:12:19","modified_gmt":"2020-08-22T18:12:19","slug":"uzitocne-rady","status":"publish","type":"page","link":"https:\/\/soudne-overene-preklady.borofi.cz\/index.php\/sk\/uzitocne-rady\/","title":{"rendered":"u\u017eito\u010dn\u00e9 rady"},"content":{"rendered":"<p>[et_pb_section fb_built=&#8220;1&#8243; _builder_version=&#8220;4.4.9&#8243; background_enable_color=&#8220;off&#8220; background_image=&#8220;https:\/\/soudne-overene-preklady.borofi.cz\/wp-content\/uploads\/2020\/07\/BOROFI_novy-web_V4_UZITECNE-RADY.jpg&#8220;][et_pb_row _builder_version=&#8220;4.4.9&#8243;][et_pb_column type=&#8220;4_4&#8243; _builder_version=&#8220;4.4.9&#8243;][et_pb_text _builder_version=&#8220;4.5.7&#8243; text_font_size=&#8220;70px&#8220; header_font_size=&#8220;70px&#8220; text_orientation=&#8220;center&#8220; hover_enabled=&#8220;0&#8243;]<\/p>\n<h1>U\u017dITO\u010cN\u00c9 RADY A POSTREHY Z PRAXE<\/h1>\n<p>[\/et_pb_text][\/et_pb_column][\/et_pb_row][\/et_pb_section][et_pb_section fb_built=&#8220;1&#8243; _builder_version=&#8220;4.4.9&#8243; custom_padding=&#8220;||0px|||&#8220;][et_pb_row _builder_version=&#8220;4.4.9&#8243; max_width=&#8220;1280px&#8220; module_alignment=&#8220;center&#8220;][et_pb_column type=&#8220;4_4&#8243; _builder_version=&#8220;4.4.9&#8243; background_color=&#8220;rgba(0,0,0,0)&#8220;][et_pb_blog fullwidth=&#8220;off&#8220; include_categories=&#8220;50&#8243; excerpt_length=&#8220;5000&#8243; show_author=&#8220;off&#8220; show_date=&#8220;off&#8220; use_overlay=&#8220;on&#8220; overlay_icon_color=&#8220;#ffffff&#8220; hover_overlay_color=&#8220;rgba(238,134,32,0.9)&#8220; hover_icon=&#8220;%%121%%&#8220; masonry_tile_background_color=&#8220;#ffffff&#8220; _builder_version=&#8220;4.5.1&#8243; header_font=&#8220;|700|||||||&#8220; header_text_color=&#8220;#ee8620&#8243; header_font_size=&#8220;27px&#8220; header_line_height=&#8220;1.3em&#8220; body_font=&#8220;||||||||&#8220; body_text_align=&#8220;justify&#8220; body_text_color=&#8220;#363636&#8243; meta_text_color=&#8220;rgba(238,134,32,0.67)&#8220; background_color=&#8220;rgba(0,0,0,0)&#8220; module_alignment=&#8220;center&#8220; border_radii=&#8220;on|4px|4px|4px|4px&#8220; box_shadow_style=&#8220;preset1&#8243; box_shadow_blur=&#8220;32px&#8220; box_shadow_spread=&#8220;-11px&#8220; box_shadow_color=&#8220;rgba(0,0,0,0.13)&#8220;][\/et_pb_blog][et_pb_blog fullwidth=&#8220;off&#8220; include_categories=&#8220;52&#8243; excerpt_length=&#8220;5000&#8243; show_author=&#8220;off&#8220; show_date=&#8220;off&#8220; use_overlay=&#8220;on&#8220; overlay_icon_color=&#8220;#ffffff&#8220; hover_overlay_color=&#8220;#0c71c3&#8243; hover_icon=&#8220;%%121%%&#8220; masonry_tile_background_color=&#8220;#ffffff&#8220; _builder_version=&#8220;4.5.1&#8243; header_font=&#8220;|700|||||||&#8220; header_text_color=&#8220;#0c71c3&#8243; header_font_size=&#8220;27px&#8220; header_line_height=&#8220;1.3em&#8220; body_font=&#8220;||||||||&#8220; body_text_align=&#8220;justify&#8220; body_text_color=&#8220;#363636&#8243; meta_text_color=&#8220;#0095db&#8220; background_color=&#8220;rgba(0,0,0,0)&#8220; module_alignment=&#8220;center&#8220; border_radii=&#8220;on|4px|4px|4px|4px&#8220; box_shadow_style=&#8220;preset1&#8243; box_shadow_blur=&#8220;32px&#8220; box_shadow_spread=&#8220;-11px&#8220; box_shadow_color=&#8220;rgba(0,0,0,0.13)&#8220;][\/et_pb_blog][et_pb_blog fullwidth=&#8220;off&#8220; include_categories=&#8220;46&#8243; excerpt_length=&#8220;5000&#8243; show_author=&#8220;off&#8220; show_date=&#8220;off&#8220; use_overlay=&#8220;on&#8220; overlay_icon_color=&#8220;#ffffff&#8220; hover_overlay_color=&#8220;#0c71c3&#8243; hover_icon=&#8220;%%121%%&#8220; masonry_tile_background_color=&#8220;#ffffff&#8220; _builder_version=&#8220;4.5.1&#8243; header_font=&#8220;|700|||||||&#8220; header_text_color=&#8220;#b71919&#8243; header_font_size=&#8220;27px&#8220; header_line_height=&#8220;1.3em&#8220; body_font=&#8220;||||||||&#8220; body_text_align=&#8220;justify&#8220; body_text_color=&#8220;#363636&#8243; meta_text_color=&#8220;#e02b20&#8243; background_color=&#8220;rgba(0,0,0,0)&#8220; module_alignment=&#8220;center&#8220; border_radii=&#8220;on|4px|4px|4px|4px&#8220; box_shadow_style=&#8220;preset1&#8243; box_shadow_blur=&#8220;32px&#8220; box_shadow_spread=&#8220;-11px&#8220; box_shadow_color=&#8220;rgba(0,0,0,0.13)&#8220;][\/et_pb_blog][\/et_pb_column][\/et_pb_row][\/et_pb_section][et_pb_section fb_built=&#8220;1&#8243; _builder_version=&#8220;3.22&#8243; background_color=&#8220;#1a3b54&#8243; custom_padding=&#8220;0px||32px|||&#8220; global_module=&#8220;54&#8243;][et_pb_row column_structure=&#8220;1_4,1_4,1_4,1_4&#8243; _builder_version=&#8220;3.25&#8243; background_size=&#8220;initial&#8220; background_position=&#8220;top_left&#8220; background_repeat=&#8220;repeat&#8220; max_width=&#8220;1280px&#8220; custom_padding=&#8220;40px|||||&#8220; use_custom_width=&#8220;on&#8220; custom_width_px=&#8220;1280px&#8220;][et_pb_column type=&#8220;1_4&#8243; _builder_version=&#8220;3.25&#8243; custom_padding=&#8220;|||&#8220; custom_padding__hover=&#8220;|||&#8220;][et_pb_image src=&#8220;https:\/\/soudne-overene-preklady.borofi.cz\/wp-content\/uploads\/2020\/07\/BOROFI_novy-web_V4_logo-borofi-male-bile2.png&#8220; title_text=&#8220;Borofi&#8220; align_tablet=&#8220;center&#8220; align_phone=&#8220;center&#8220; align_last_edited=&#8220;on|desktop&#8220; _builder_version=&#8220;4.5.1&#8243; _module_preset=&#8220;default&#8220;][\/et_pb_image][\/et_pb_column][et_pb_column type=&#8220;1_4&#8243; _builder_version=&#8220;3.25&#8243; custom_padding=&#8220;|||&#8220; custom_padding__hover=&#8220;|||&#8220;][et_pb_image src=&#8220;https:\/\/soudne-overene-preklady.borofi.cz\/wp-content\/uploads\/2020\/07\/BOROFI_novy-web_V4_logo-male3.png&#8220; title_text=&#8220;BOROFI_novy-web_V4_logo-male3&#8243; align_tablet=&#8220;&#8220; align_phone=&#8220;center&#8220; align_last_edited=&#8220;on|phone&#8220; _builder_version=&#8220;4.5.7&#8243; custom_margin=&#8220;||0px||false|false&#8220; custom_padding_tablet=&#8220;35px||||false|false&#8220; custom_padding_phone=&#8220;&#8220; custom_padding_last_edited=&#8220;on|tablet&#8220;][\/et_pb_image][et_pb_text _builder_version=&#8220;4.5.1&#8243; text_font=&#8220;|300|||||||&#8220; custom_margin=&#8220;0px||0px||false|false&#8220; custom_padding=&#8220;0px||||false|false&#8220; text_orientation_tablet=&#8220;&#8220; text_orientation_phone=&#8220;center&#8220; text_orientation_last_edited=&#8220;on|phone&#8220;]<\/p>\n<p>p\u0159eklady a tlumo\u010den\u00ed<\/p>\n<p>[\/et_pb_text][\/et_pb_column][et_pb_column type=&#8220;1_4&#8243; _builder_version=&#8220;3.25&#8243; custom_padding=&#8220;|||&#8220; custom_padding__hover=&#8220;|||&#8220;][et_pb_blurb use_icon=&#8220;on&#8220; font_icon=&#8220;%%249%%&#8220; icon_color=&#8220;#ffffff&#8220; icon_placement=&#8220;left&#8220; use_icon_font_size=&#8220;on&#8220; icon_font_size=&#8220;26px&#8220; _builder_version=&#8220;4.5.1&#8243; header_font=&#8220;Open Sans|300|||||||&#8220; header_text_align=&#8220;left&#8220; header_font_size=&#8220;16px&#8220; body_font=&#8220;||||||||&#8220; body_text_align=&#8220;left&#8220; body_line_height=&#8220;1.3em&#8220; background_layout=&#8220;dark&#8220; custom_margin=&#8220;0px||0px|&#8220; custom_padding=&#8220;0px||0px|&#8220; custom_padding_tablet=&#8220;&#8220; custom_padding_phone=&#8220;0px||0px|70px|false|false&#8220; custom_padding_last_edited=&#8220;on|phone&#8220; module_alignment_tablet=&#8220;&#8220; module_alignment_phone=&#8220;center&#8220; module_alignment_last_edited=&#8220;on|phone&#8220;]<\/p>\n<p>Sta\u0148kova 16<br \/> 602 00 Brno-Kr\u00e1lovo Pole<\/p>\n<p>[\/et_pb_blurb][\/et_pb_column][et_pb_column type=&#8220;1_4&#8243; _builder_version=&#8220;3.25&#8243; custom_padding=&#8220;|||&#8220; custom_padding__hover=&#8220;|||&#8220;][et_pb_blurb use_icon=&#8220;on&#8220; font_icon=&#8220;%%264%%&#8220; icon_color=&#8220;#ffffff&#8220; icon_placement=&#8220;left&#8220; use_icon_font_size=&#8220;on&#8220; icon_font_size=&#8220;22px&#8220; _builder_version=&#8220;4.4.9&#8243; header_font=&#8220;Open Sans|300|||||||&#8220; header_text_align=&#8220;left&#8220; header_font_size=&#8220;16px&#8220; body_font=&#8220;||||||||&#8220; body_text_align=&#8220;left&#8220; body_line_height=&#8220;1.3em&#8220; background_layout=&#8220;dark&#8220; custom_margin=&#8220;0px||0px|&#8220; custom_padding=&#8220;0px||0px|&#8220; custom_padding_tablet=&#8220;&#8220; custom_padding_phone=&#8220;|||70px|false|false&#8220; custom_padding_last_edited=&#8220;on|phone&#8220;]<\/p>\n<p>+420 777 016 920<\/p>\n<p>[\/et_pb_blurb][et_pb_blurb use_icon=&#8220;on&#8220; font_icon=&#8220;%%238%%&#8220; icon_color=&#8220;#ffffff&#8220; icon_placement=&#8220;left&#8220; use_icon_font_size=&#8220;on&#8220; icon_font_size=&#8220;20px&#8220; _builder_version=&#8220;4.4.9&#8243; header_font=&#8220;Open Sans|300|||||||&#8220; header_text_align=&#8220;left&#8220; header_font_size=&#8220;16px&#8220; body_font=&#8220;||||||||&#8220; body_text_align=&#8220;left&#8220; body_line_height=&#8220;1.3em&#8220; background_layout=&#8220;dark&#8220; custom_margin=&#8220;30px||0px|&#8220; custom_padding=&#8220;0px||0px|&#8220; custom_padding_tablet=&#8220;&#8220; custom_padding_phone=&#8220;|||70px|false|false&#8220; custom_padding_last_edited=&#8220;on|phone&#8220;]<\/p>\n<p>anglictina@borofi.cz<\/p>\n<p>[\/et_pb_blurb][\/et_pb_column][\/et_pb_row][\/et_pb_section]<\/p>\n","protected":false},"excerpt":{"rendered":"<p>U\u017dITO\u010cN\u00c9 RADY A POSTREHY Z PRAXE p\u0159eklady a tlumo\u010den\u00edSta\u0148kova 16 602 00 Brno-Kr\u00e1lovo Pole+420 777 016 920anglictina@borofi.cz<\/p>\n","protected":false},"author":1,"featured_media":0,"parent":0,"menu_order":0,"comment_status":"closed","ping_status":"closed","template":"","meta":{"_et_pb_use_builder":"on","_et_pb_old_content":"","_et_gb_content_width":"","footnotes":""},"class_list":["post-856","page","type-page","status-publish","hentry"],"_links":{"self":[{"href":"https:\/\/soudne-overene-preklady.borofi.cz\/index.php\/wp-json\/wp\/v2\/pages\/856","targetHints":{"allow":["GET"]}}],"collection":[{"href":"https:\/\/soudne-overene-preklady.borofi.cz\/index.php\/wp-json\/wp\/v2\/pages"}],"about":[{"href":"https:\/\/soudne-overene-preklady.borofi.cz\/index.php\/wp-json\/wp\/v2\/types\/page"}],"author":[{"embeddable":true,"href":"https:\/\/soudne-overene-preklady.borofi.cz\/index.php\/wp-json\/wp\/v2\/users\/1"}],"replies":[{"embeddable":true,"href":"https:\/\/soudne-overene-preklady.borofi.cz\/index.php\/wp-json\/wp\/v2\/comments?post=856"}],"version-history":[{"count":5,"href":"https:\/\/soudne-overene-preklady.borofi.cz\/index.php\/wp-json\/wp\/v2\/pages\/856\/revisions"}],"predecessor-version":[{"id":1270,"href":"https:\/\/soudne-overene-preklady.borofi.cz\/index.php\/wp-json\/wp\/v2\/pages\/856\/revisions\/1270"}],"wp:attachment":[{"href":"https:\/\/soudne-overene-preklady.borofi.cz\/index.php\/wp-json\/wp\/v2\/media?parent=856"}],"curies":[{"name":"wp","href":"https:\/\/api.w.org\/{rel}","templated":true}]}}